{"id":24,"date":"2023-03-28T12:41:47","date_gmt":"2023-03-28T10:41:47","guid":{"rendered":"https:\/\/jednostki.uksw.edu.pl\/samorzad\/?page_id=24"},"modified":"2026-01-26T12:30:43","modified_gmt":"2026-01-26T11:30:43","slug":"sklad-zarzadu","status":"publish","type":"page","link":"https:\/\/samorzad.uksw.edu.pl\/organy-samorzadu\/zarzad\/sklad-zarzadu\/","title":{"rendered":"Sk\u0142ad zarz\u0105du"},"content":{"rendered":"\n<p><strong>Jakub Z. Kochanowicz<\/strong>&#8211; Przewodnicz\u0105cy Zarz\u0105du Samorz\u0105du Student\u00f3w UKSW<\/p>\n\n\n\n<p>e-mail: przewodniczacy@samorzad.uksw.edu.pl<\/p>\n\n\n\n<p><strong>Maria A. Kozak<\/strong> &#8211; Wiceprzewodnicz\u0105ca Zarz\u0105du Samorz\u0105du Student\u00f3w UKSW, <br>Przewodnicz\u0105ca Komisji ds. Rozwoju i Nauki<\/p>\n\n\n\n<p>e-mail: rozwoj.nauka@samorzad.uksw.edu.pl<\/p>\n\n\n\n<p><strong>Joanna Cielecka<\/strong> &#8211; Sekretarz Zarz\u0105du Samorz\u0105du Student\u00f3w UKSW<\/p>\n\n\n\n<p>e-mail: biuro@samorzad.uksw.edu.pl<\/p>\n\n\n\n<p><strong>Amelia Czarnak &#8211; P\u0142awi\u0144ska<\/strong> &#8211; Przewodnicz\u0105ca Komisji ds. Organizacji i Kontakt\u00f3w z Wydzia\u0142owymi Radami Student\u00f3w <\/p>\n\n\n\n<p>e-mail: organizacja@samorzad.uksw.edu.pl<\/p>\n\n\n\n<p><strong>Marta Jakubisiak<\/strong> &#8211; Przewodnicz\u0105ca Komisji ds. Projekt\u00f3w<\/p>\n\n\n\n<p>e-mail: projekty@samorzad.uksw.edu.pl<\/p>\n\n\n\n<p><strong>Joanna A. Piekarska<\/strong> &#8211; Przewodnicz\u0105ca Komisji ds. Promocji<\/p>\n\n\n\n<p>e-mail: promocja@samorzad.uksw.edu.pl<\/p>\n\n\n\n<p><strong>Wiktor W. Woroniecki &#8211; Krasi\u0144ski<\/strong> &#8211; Przewodnicz\u0105cy Komisji ds. Wsp\u00f3\u0142pracy i Relacji Zewn\u0119trznych<\/p>\n\n\n\n<p>e-mail: wspolpraca.marketing@samorzad.uksw.edu.pl<\/p>\n\n\n\n<p><\/p>\n\n\n\n<p><\/p>\n","protected":false},"excerpt":{"rendered":"<p>Jakub Z. Kochanowicz&#8211; Przewodnicz\u0105cy Zarz\u0105du Samorz\u0105du Student\u00f3w UKSW e-mail: przewodniczacy@samorzad.uksw.edu.pl Maria A. Kozak &#8211; Wiceprzewodnicz\u0105ca Zarz\u0105du Samorz\u0105du Student\u00f3w UKSW, Przewodnicz\u0105ca Komisji ds. Rozwoju i Nauki e-mail: rozwoj.nauka@samorzad.uksw.edu.pl Joanna Cielecka &#8211; Sekretarz Zarz\u0105du Samorz\u0105du Student\u00f3w UKSW e-mail: biuro@samorzad.uksw.edu.pl Amelia Czarnak &#8211; P\u0142awi\u0144ska &#8211; Przewodnicz\u0105ca Komisji ds. Organizacji i Kontakt\u00f3w z Wydzia\u0142owymi Radami Student\u00f3w e-mail: organizacja@samorzad.uksw.edu.pl Marta [&hellip;]<\/p>\n","protected":false},"author":3,"featured_media":0,"parent":19,"menu_order":1,"comment_status":"closed","ping_status":"closed","template":"page-templates\/template-sub-page.php","meta":{"_acf_changed":false,"inline_featured_image":false,"footnotes":"","_links_to":"","_links_to_target":""},"class_list":["post-24","page","type-page","status-publish","hentry"],"acf":[],"_links":{"self":[{"href":"https:\/\/samorzad.uksw.edu.pl\/pl\/wp-json\/wp\/v2\/pages\/24","targetHints":{"allow":["GET"]}}],"collection":[{"href":"https:\/\/samorzad.uksw.edu.pl\/pl\/wp-json\/wp\/v2\/pages"}],"about":[{"href":"https:\/\/samorzad.uksw.edu.pl\/pl\/wp-json\/wp\/v2\/types\/page"}],"author":[{"embeddable":true,"href":"https:\/\/samorzad.uksw.edu.pl\/pl\/wp-json\/wp\/v2\/users\/3"}],"replies":[{"embeddable":true,"href":"https:\/\/samorzad.uksw.edu.pl\/pl\/wp-json\/wp\/v2\/comments?post=24"}],"version-history":[{"count":0,"href":"https:\/\/samorzad.uksw.edu.pl\/pl\/wp-json\/wp\/v2\/pages\/24\/revisions"}],"up":[{"embeddable":true,"href":"https:\/\/samorzad.uksw.edu.pl\/pl\/wp-json\/wp\/v2\/pages\/19"}],"wp:attachment":[{"href":"https:\/\/samorzad.uksw.edu.pl\/pl\/wp-json\/wp\/v2\/media?parent=24"}],"curies":[{"name":"wp","href":"https:\/\/api.w.org\/{rel}","templated":true}]}}

Skład zarządu

<p><strong>Jakub Z. Kochanowicz</strong>&#8211; Przewodniczący Zarządu Samorządu Studentów UKSW</p>



<p>e-mail: przewodniczacy@samorzad.uksw.edu.pl</p>



<p><strong>Maria A. Kozak</strong> &#8211; Wiceprzewodnicząca Zarządu Samorządu Studentów UKSW, <br>Przewodnicząca Komisji ds. Rozwoju i Nauki</p>



<p>e-mail: rozwoj.nauka@samorzad.uksw.edu.pl</p>



<p><strong>Joanna Cielecka</strong> &#8211; Sekretarz Zarządu Samorządu Studentów UKSW</p>



<p>e-mail: biuro@samorzad.uksw.edu.pl</p>



<p><strong>Amelia Czarnak &#8211; Pławińska</strong> &#8211; Przewodnicząca Komisji ds. Organizacji i Kontaktów z Wydziałowymi Radami Studentów </p>



<p>e-mail: organizacja@samorzad.uksw.edu.pl</p>



<p><strong>Marta Jakubisiak</strong> &#8211; Przewodnicząca Komisji ds. Projektów</p>



<p>e-mail: projekty@samorzad.uksw.edu.pl</p>



<p><strong>Joanna A. Piekarska</strong> &#8211; Przewodnicząca Komisji ds. Promocji</p>



<p>e-mail: promocja@samorzad.uksw.edu.pl</p>



<p><strong>Wiktor W. Woroniecki &#8211; Krasiński</strong> &#8211; Przewodniczący Komisji ds. Współpracy i Relacji Zewnętrznych</p>



<p>e-mail: wspolpraca.marketing@samorzad.uksw.edu.pl</p>



<p></p>



<p></p>

<p>Jakub Z. Kochanowicz&#8211; Przewodniczący Zarządu Samorządu Studentów UKSW e-mail: przewodniczacy@samorzad.uksw.edu.pl Maria A. Kozak &#8211; Wiceprzewodnicząca Zarządu Samorządu Studentów UKSW, Przewodnicząca Komisji ds. Rozwoju i Nauki e-mail: rozwoj.nauka@samorzad.uksw.edu.pl Joanna Cielecka &#8211; Sekretarz Zarządu Samorządu Studentów UKSW e-mail: biuro@samorzad.uksw.edu.pl Amelia Czarnak &#8211; Pławińska &#8211; Przewodnicząca Komisji ds. Organizacji i Kontaktów z Wydziałowymi Radami Studentów e-mail: organizacja@samorzad.uksw.edu.pl Marta [&hellip;]</p>
